2*r + 19. Determine b(i).
-3
Let o(k) = k**3 + 5*k**2 + k + 8. Let x(q) = -3*q**2 - 4*q + 15. Let c be x(2). Calculate o(c).
3
Let j be (8/(-10) - (-171)/570)*(0 - -12). Let h(s) = 3*s**2 + 23*s - 5. Calculate h(j).
-35
Suppose 0 = 10*g - 596 - 54. Let u = -100 + g. Let c = 34 + u. Let j(y) = 10*y - 1. Give j(c).
-11
Let g be 1040/(-78)*6/10. Let n(j) = -10*j + 18. What is n(g)?
98
Suppose -4*m + 17 = 9. Let w(f) = -11 - 9*f**m - 9*f**3 - 7*f + 28*f**3 - 18*f**3. Determine w(10).
19
Let o(u) = -14*u + 29. Suppose 3*a = 2*d + 12, 12*d - 5*a = 10*d - 24. Give o(d).
-13
Suppose 0 = -r - 4*n - 8, 32*r - 31*r + 2*n = 0. Let j(z) = 11*z - 6*z**2 - 3*z**2 - 5 + z**3 - 7. Calculate j(r).
12
Let t(b) be the second derivative of 3/2*b**2 - 1/6*b**3 - 2*b - 43 + 1/20*b**5 - 1/4*b**4. Determine t(3).
0
Let y(b) be the third derivative of -7/24*b**4 + 0 + 0*b + 1/3*b**3 + 1/30*b**5 + 59*b**2. What is y(5)?
17
Suppose 12 = -10*g + 42. Let d(i) = -2. Let s(w) = -2*w + 6. Suppose 23 - 22 = x. Let q(j) = x*s(j) + 2*d(j). Calculate q(g).
-4
Let j(v) = -5*v**3 - 68*v**2 + 27*v + 1. Let a be j(-14). Let l(f) = -4*f + 63. Give l(a).
3
Let b(l) = l - 30. Suppose -5*u + 83*o = 78*o + 90, -2*o - 6 = u. What is b(u)?
-44
Let p be (-8881)/(-747) + 4/36. Let s(c) = -c**2 + 11*c + 9. What is s(p)?
-3
Let x(i) = 20*i + 0*i**2 - i**2 + 14*i - 68 - 59. Give x(5).
18
Let l(z) = -z**3 + 5*z**2 - 3*z + 2. Let g be (-186)/(-54) + ((-64)/9)/(-2) + -4. What is l(g)?
11
Let a(w) = -85*w - 98*w + 264*w - 80*w + 23. Determine a(15).
38
Let z(h) = 10*h**3 + 4*h**2 - 4*h - 5. Let a(y) = -7*y**3 - 3*y**2 + 3*y + 4. Let l(g) = -4*a(g) - 3*z(g). Calculate l(-1).
1
Let j(b) = b**2 + 10*b - 26. Suppose 0 = -n - 2*n - 2*g - 38, 5*n + 4*g = -64. Give j(n).
-2
Let w(y) = -5*y**2 + 8*y**2 + 9 - 12 - 5*y**2 - y**3 - 3*y. Let h(m) = -m**2 + 10*m + 15. Let d be h(11). Suppose 2*j + 0 = -d. Give w(j).
3
Let k = -49614 + 49613. Let m be 0/(1 - 2) + 3. Let u(s) = -2 + m - 2*s**3 - 2*s**2 + 3*s**3. Determine u(k).
-2
Let r(x) be the first derivative of x**4/4 - 5*x**3/3 + 3*x**2 - 5*x + 30. Suppose -28*u + 45 = -67. What is r(u)?
3
Suppose 2*r + 5 - 11 = 0. Let c be (64/(-12))/(-4)*r. Suppose c*v = 4*q - 32, 5*q + 5 = -2*v - 2*v. Let j(m) = 2*m**2 + 1. What is j(q)?
19
Suppose 3*x = 2*y - 7 - 11, x = y - 7. Let z(d) be the first derivative of d**2/2 + d + 348. What is z(x)?
-3
Let k(o) = 2*o**2 - 75*o - 475. Let i be k(43). Let z(l) = -14*l - 16. Calculate z(i).
12
Suppose 0 = -13*c + 6*c + 161. Suppose 12 = c*u - 57. Let d(n) = n**2 - 5*n + 4. What is d(u)?
-2
Let g be ((-1320)/540)/(4/(-18)). Let i(v) be the first derivative of 1/3*v**3 + v - v**2 + g. Determine i(5).
16
Suppose -72*y - 57 + 47 - 134 = 0. Let t(i) = 11*i**3 - 2*i**2 - i + 4. Calculate t(y).
-90
Let z(d) = -23*d - 175. Let i be z(-8). Let l(h) = 376 + i*h + 3*h**3 + 384 - 2*h**3 + 8*h**2 - 753. Give l(-7).
-7
Let q(k) be the second derivative of -7*k**5/60 - k**4/24 - 137*k**2/2 - 5*k - 5. Let c(p) be the first derivative of q(p). Calculate c(-1).
-6
Let z be 3 - (-2 - 28) - 5. Let m = 36 - z. Let r(i) = i**3 - m*i - 2108 + 2*i + 6*i**2 + 2107. What is r(-7)?
-8
Let k(f) = f**3 + 5*f**2 - 7*f - 7. Let j be (-3)/((-48)/(-20))*4*66/55. Determine k(j).
-1
Suppose 6*g = 18 - 54. Let c = g - -5. Let f(o) = 24*o - 1. What is f(c)?
-25
Let q be 2*(5 + 3 - 6). Let i(b) = -9*b**3 + 5*b**2 + 7*b + 12. Let a(p) = 5*p**3 - 2*p**2 - 4*p - 6. Let h(d) = q*i(d) + 7*a(d). Give h(6).
6
Let h(a) = -86*a**2 + 31*a + 122. Let t(f) = -358*f**2 + 125*f + 488. Let p(d) = 25*h(d) - 6*t(d). Give p(16).
10
Let n = -77 + 82. Suppose 5*d + n*c + 15 = -5, 4*d + 6 = c. Let w(q) be the first derivative of 5*q**2/2 + 3*q - 4. What is w(d)?
-7
Let k(b) = -b**3 + 23*b**2 + 25*b - 13. Suppose 3*j - 785*l + 787*l = 62, -3*j + 4*l = -92. Determine k(j).
11
Let b(m) be the first derivative of -3*m + 13/2*m**2 - 1/2*m**4 + 25 + 11/3*m**3. Let d(o) = o**3 - 6*o**2 - 7*o + 1. Let a(w) = 4*b(w) + 9*d(w). Give a(11).
-3
Let u(s) = 5*s**2 - 15*s - 135. Let i be u(7). Let m(a) = 116*a - 573. Determine m(i).
7
Let b(k) = 89 - 18*k - 134 + 4*k + 10*k. What is b(11)?
-89
Let o(j) = 0 + 2 - j**2 - 4*j**2 + j**2 - 3*j**2 - 2*j. Give o(1).
-7
Let h be (-2)/28*-7 + 419/2. Let q = 213 - h. Let c(t) = -3*t - 4. Determine c(q).
-13
Let m(l) = -l**3 - l**2 - l - 6. Suppose -x - 4*x + 10 = 0. Suppose 0 = 7*g - 33 - x. Suppose -2*n + y - 1 = 0, -g*n - 6*y + 4 = -2*y. Calculate m(n).
-6
Let g(x) = -104*x + 197*x + 34 - 33 - 94*x. What is g(3)?
-2
Let p = -12 + 8. Let w(z) = 19*z + 12. Let o(n) be the second derivative of -3*n**3/2 - 3*n**2 + 40*n. Let v(f) = 13*o(f) + 6*w(f). Calculate v(p).
6
Let y(m) be the first derivative of -m**5/20 + m**4/2 - m**2/2 + 65*m - 139. Let x(w) be the first derivative of y(w). Determine x(6).
-1
Let q = 214 - 208. Let y(x) = -7*x + 2 - 1 + x**3 - q + 6*x**2 + 0*x**2. What is y(-7)?
-5
Let r be (24/18)/(-1 + (-20)/(-12)). Let k(v) = -17*v + 32*v - 14*v + r. Determine k(8).
10
Let i(c) = -44*c - 57. Let d(o) = -38*o - 51. Let r(p) = 7*d(p) - 6*i(p). What is r(-6)?
-3
Let g(a) = -a**2 - 23*a - 32. Let s be g(-21). Let w(j) = s - 4*j - 1 + j**2 - 5*j - j. Give w(9).
0
Let b = 2407 - 2411. Let n(u) = u**3 + u**2 - 3*u + 10. Determine n(b).
-26
Let f = 34 + -31. Suppose f*u - 3*c - 6 = 0, -7 = 2*u + 4*c + 19. Let q(m) = 3*m - 16. Let w(z) = -4*z + 18. Let g(r) = -7*q(r) - 6*w(r). What is g(u)?
-5
Let h(v) = -v**3 + 6*v**2 - 2*v + 3. Let b(j) = -17*j + 8. Let u be b(-9). Let o = u + -155. Calculate h(o).
-9
Let a(h) = -5*h - 12. Let z(c) = 10 - 10*c - 20 - 15. Let w(r) = -7*a(r) + 3*z(r). Suppose 168 = -2*m - 2*k + 136, -20 = 2*k. Calculate w(m).
-21
Let o(g) = -g**3 + 6*g**2 + 65*g - 417. Let x be o(8). Let l(q) = -q**2 - 27*q - 54. Give l(x).
-4
Let x(c) = c**3 - 7*c**2 + 13*c - 14. Let j be ((-3)/3)/(598/(-115) + 5). Calculate x(j).
1
Let u(t) = t**3 + t**2 + 3. Let i(s) = s**3 + 17*s**2 - 14*s + 26. Let d(p) = i(p) - 2*u(p). What is d(14)?
20
Let s(m) = 37*m + 10. Let b be s(3). Let q = b + -117. Let a(f) = 2*f**3 - 1112 + 1118 + 13*f**2 + 6*f - f**3 - q*f**2. What is a(-8)?
22
Let n(i) = 2*i + 3. Let g(j) = 2*j**3 + 28*j**2 - j + 9. Let b be g(-14). Suppose b*k = 15*k - 32. What is n(k)?
-5
Let j = -286 - -288. Let u(m) = j*m**2 + 5 - 12*m - 3*m - 3 + 6*m. Determine u(7).
37
Let n(o) = 2894*o + 2888*o - 19 - o**2 - 8681*o + 0*o**2 + 2888*o. Give n(-7).
9
Let k = 572 - 603. Let o(m) = m + 30. Determine o(k).
-1
Let l(z) = 2*z**2 + 6*z + 20. Let x = -6895 - -6890. Determine l(x).
40
Let j(g) = -5*g - 73. Let z(p) = -41*p - 1696. Let i be z(-41). What is j(i)?
2
Let r(j) be the second derivative of -3*j**4/4 + 61*j**3/6 + 3*j**2/2 - 1752*j. Determine r(7).
-11
Let n(m) = -m**3 - 9*m**2 + 12*m - 4. Let y be -5 - (4 + 1010/(-110)) - (-224)/(-22). Give n(y).
-24
Let i(l) = -2594*l + 2594*l - l**3. Let p = -6 - -8. Let z(m) = -2*m**2 + 3*m. Let c be z(p). What is i(c)?
8
Let q(h) = 2*h**2 - 11*h - 11. Let k be q(6). Let j be ((-16)/20)/((-1)/k). Let t(p) = -p**3 - 5*p**2 - 3 + 3*p + 2*p**2 + 2*p. Determine t(j).
-7
Let g(f) = -f - 18. Let w(c) = 54*c - 760. Let n be w(14). What is g(n)?
-14
Let d(s) = -51*s**3 + 10*s**2 - 10*s - 3. Let g(m) = -34*m**3 + 7*m**2 - 7*m - 2. Let p(q) = 5*d(q) - 7*g(q). Let i be -1*4*((-13)/(-117))/(48/108). Give p(i).
18
Let j(o) = o**2 + 38*o + 40. Let k be j(-37). Let a(p) = p**3 + 2*p + 3*p**3 - 4*p**2 + 2*p**3 - 5*p**3 + 2 - 3*p**2. Determine a(k).
-28
Let j(q) = -q**2 + 7 - 196152*q + 196151*q - 7. Suppose -4*i + 6*i = 4. Give j(i).
-6
Suppose 0 = 2*r - 5339 + 1177. Let l(p) = -1 - p - 3 - r*p**2 + 2082*p**2. Determine l(0).
-4
Let k(z) be the first derivative of -z**4/6 + 5*z**3/6 - 2*z**2 - 6. Let y(x) be the second derivative of k(x). Give y(5).
-15
Let w be (-42)/(-2) - ((12 - 4) + -2). Suppose -15 = 3*d, d - w = z + 2*d. Let r(o) = o**2 + 8*o + 4. Determine r(z).
24
Let i(w) = -w**2 - 11*w - 13. Let a(n) = n**2 - 13*n + 15. Let g be a(12). Let c be ((-1)/g)/((-3)/(-333)). Let t = 28 + c. Give i(t).
5
Suppose 0*s = 5*s. Let a(t) = 2*t + s*t + 5*t - 3*t - 1. Suppose -3*d - 3*r = 0, 35*d = 31*d - 5*r - 2. What is a(d)?
7
Suppose h + 24 = -15. Let o = 34 + h. Let y(z) = z**2 + 3*z + 7. Let p(r) = r. Let v(q) = -3*p(q) - y(q).